tors of i.
2, 59
Suppose -378*r = -366*r - 17904. List the prime factors of r.
2, 373
Let l(c) = 4*c**3 + c**2 - c. Let b be l(1). Let p = b + -1. Suppose 5*q - m - 53 - 17 = 0, -5*m - 20 = -p*q. List the prime factors of q.
3, 5
Let j(r) = r**3 + 5*r**2 - 7*r - 3. Let o be j(-6). Suppose 2*t - o*t + 30 = 0. List the prime factors of (-40)/(-12)*t/4.
5
Suppose -23 = -4*i - 3*m, -1 + 12 = -2*i + 3*m. Let w be 3/(-18) + i/12. Suppose -4*d - 3*c + 34 = w, 0 = -0*c + 3*c - 6. What are the prime factors of d?
7
Suppose 0 = 5*l + 4*l + 18. What are the prime factors of (249/l)/((33/6)/(-11))?
3, 83
Suppose -43*o + 42*o = 18. Let j = 192 + o. List the prime factors of j.
2, 3, 29
Let u(x) be the second derivative of -x**3/6 + 7*x**2 + 5*x. Let i be u(5). Let q = -6 + i. What are the prime factors of q?
3
Let b be 3/3*-5*7. Let u = 84 + b. Let f = 74 - u. List the prime factors of f.
5
Let v = -3575 + 9002. List the prime factors of v.
3, 67
Let k(z) = z**2 + 23*z + 52. Let g be k(-21). Suppose 0*f = -5*f + g. What are the prime factors of f?
2
Suppose 20*i = 16*i + 396. List the prime factors of i.
3, 11
Let u = 14 + 8. Let d be (12 + u)*2/(-4). Let v = 4 - d. List the prime factors of v.
3, 7
Suppose 112*k + 4296 = 118*k. What are the prime factors of k?
2, 179
Let o(d) = -d - 9. Let u be o(-8). Let f(z) = -43*z + 1. List the prime factors of f(u).
2, 11
Let a = 6484 - 3587. What are the prime factors of a?
2897
Let r be 0/(-1) - 10 - -3. Let q = -59 - -32. Let t = r - q. List the prime factors of t.
2, 5
Suppose 2*c - 97 = 1237. List the prime factors of c.
23, 29
List the prime factors of 5510/5 - -3 - -9.
2, 557
What are the prime factors of 1974/2 - (-27 - -21)?
3, 331
Suppose 2*v - 3*v = 188. Let q = -101 - v. Suppose -4*s + y = -q, s - 11 - 6 = 5*y. What are the prime factors of s?
2, 11
Suppose -9*d + 0*d + 1008 = 0. What are the prime factors of d?
2, 7
Let b(i) be the third derivative of 11*i**7/5040 + i**6/144 - i**5/20 + 2*i**2. Let j(r) be the third derivative of b(r). List the prime factors of j(4).
7
What are the prime factors of ((-10)/25)/(1 + 138/(-135))?
2, 3
Suppose -2*v - 19 + 119 = 0. Suppose 0 = t - 3*a - 51, 2*t - 52 = -0*t - 4*a. Let l = v - t. What are the prime factors of l?
2, 7
Suppose 0 = 9*r - 5378 - 6151. What are the prime factors of r?
3, 7, 61
Let r(v) = -v**2 - 89*v + 66. What are the prime factors of r(-70)?
2, 349
Suppose -4*m + 4*p + 1964 = 0, -2*m - 4*p + 972 = -p. List the prime factors of m.
3, 163
Let v be (-14)/49 + (-220)/14. Let h = 48 + v. What are the prime factors of h?
2
Suppose -5*m - 252 = -b + 124, 3*b = m + 1170. List the prime factors of b.
17, 23
Let b(f) = -9*f**2 - f - 3. Let j be b(-3). Let y = 176 + j. What are the prime factors of y?
5, 19
Suppose 6*m + 15 = 3*m, v + 2*m - 4723 = 0. List the prime factors of v.
4733
Let w(h) = -h**3 - 9*h**2 - 9*h - 5. Let s be w(-8). Let y(x) = s*x + 5*x + 3*x**2 - 11*x + 2. What are the prime factors of y(3)?
2, 5
Let h(b) = 8*b**2 - b. Let s be h(11). What are the prime factors of 7/(-14) - s/(-6)?
3, 53
Let q(o) = o**2 + 7*o + 22. Let h(k) = k**2 + 6*k + 23. Let u(n) = 5*h(n) - 6*q(n). What are the prime factors of u(-7)?
2, 3
Suppose 5*j + 5 = 30. Suppose u + 188 = j*u. What are the prime factors of u?
47
Suppose -47 = o - 61. List the prime factors of o.
2, 7
Let g = -463 + 903. List the prime factors of g.
2, 5, 11
Let f be -74*-1*(4 + -3). Suppose -3*i + 2*d = -f, 0*i - 4*d - 64 = -3*i. What are the prime factors of i?
2, 7
Let i(t) = -48*t + 10. Let j be i(-7). Let c = j - 156. List the prime factors of c.
2, 5, 19
Let i be (1 + -1)/(8 + -7). Suppose i = 11*x - 6*x - 620. List the prime factors of x.
2, 31
Suppose 486 + 1414 = 4*r. List the prime factors of r.
5, 19
Let h(u) = 7*u + 17. Let s be h(-8). Let b = 75 + s. List the prime factors of b.
2, 3
Suppose -2203 = -9*b + 173. Let y be (-9)/2*b/(-36). What are the prime factors of 258/4 - y/(-22)?
2, 3, 11
List the prime factors of (5*(-8)/(-80))/((-1)/(-286)).
11, 13
Suppose -2*d - 33 = -3*f, 4*d + 2*f + 39 = -f. Let p be -9 - (2 - 5)*2/6. Let u = p - d. What are the prime factors of u?
2
Let g(d) = d**2 + 6*d - 6. Let b be g(-6). Let x(y) be the first derivative of -2*y**2 - 5*y - 16. List the prime factors of x(b).
19
Suppose -2*a + 44 = -0*a. Suppose -5*v + 4*n - 61 = a, 2*v + 44 = -2*n. Let h = v + 39. What are the prime factors of h?
2, 5
Suppose -8*p + 12 = -2*p. Suppose 2*t - 31 = -2*w + 63, p*w - 79 = 3*t. List the prime factors of w.
2, 11
Suppose 0 = y + 5*l - 1160, 11*y - 8*y + l = 3550. What are the prime factors of y?
3, 5, 79
Suppose -2*z = 4 + 2. Let o be -3 + 0 - (z + 0). Suppose o = -c - u - 2*u + 11, 5*u = -25. What are the prime factors of c?
2, 13
Let m(b) = 28*b**2 - 37*b + 15. What are the prime factors of m(6)?
3, 89
Suppose 26*x - 16*x = 7020. Suppose 2*j = -j + x. List the prime factors of j.
2, 3, 13
Let i be ((-13)/((-117)/(-6)))/(2/(-39)). Suppose -i*o + 2745 = 2*o. What are the prime factors of o?
3, 61
Let o = 1952 + -1301. Let w = -49 - -33. List the prime factors of w/88 + o/11.
59
Let r be (14/4)/((-3)/(-42)). Let d = -31 + r. Suppose 2*s - d - 24 = 0. What are the prime factors of s?
3, 7
Let f = -6 + 12. Let g(q) = -q**2 + 16*q - 11. Let w be g(f). Suppose -w = -o - x, 0 = -6*o + 3*o - 2*x + 147. List the prime factors of o.
7
Let t(n) = -2*n**3 - 5*n**2 - n + 3. Let k be 0/((0 - 3)/(-3)). Suppose -p + 5 - 8 = k. What are the prime factors of t(p)?
3, 5
Suppose -s = x - 1115, -s + 1606 - 497 = -x. What are the prime factors of s?
2, 139
What are the prime factors of (1 + -2 + 0)/(23/(-6463))?
281
Let y be (1 - 0/(-3))/(3/438). Let c = y + -98. What are the prime factors of c?
2, 3
Let r(f) = -6*f - 1. Suppose -2*o + 12 = -4*o. Let t be (2/o)/(9/54). List the prime factors of r(t).
11
Let a(f) = f**3 - 6*f**2 + 7*f - 4. Let i be a(6). Suppose -i - 22 = -3*j. What are the prime factors of j?
2, 5
Let m = -18 + 11. Let y = m - -4. What are the prime factors of (-102)/(-10) + y/15?
2, 5
Let v(d) = 3*d**2 - 7*d + 8. Suppose 2*f - 6 = -f. Suppose y - 12 = 5*c - 34, -3*c - f*y + 8 = 0. What are the prime factors of v(c)?
2, 7
Let f = -4198 + 6230. What are the prime factors of f?
2, 127
Let c be ((-152)/8)/((-1)/1). Let d be 1/3*(49 - -2). Let r = c - d. What are the prime factors of r?
2
What are the prime factors of (-5)/(-2)*756/270?
7
List the prime factors of ((-2474)/(-2))/(7/2 - 3).
2, 1237
Suppose 5*m - 22 = -7. Suppose -m*z + v + 30 = -2*v, 0 = -z - 2*v - 2. Suppose 188 = 10*d - z*d. What are the prime factors of d?
47
Let v be -1*(-3201 + -4)/(-5). Let n = v - -907. List the prime factors of n.
2, 7, 19
Let d(y) = -y**3 - 13*y**2 - y + 17. Let c(g) = -3*g**3 - 40*g**2 - 2*g + 51. Let l(s) = -3*c(s) + 8*d(s). What are the prime factors of l(-16)?
3, 5
Let l = 30 - 12. Suppose -2*g - 68 = x + 2*x, l = -x + 4*g. List the prime factors of -1 - (3 + -6) - x.
2, 3
Let c = -234 - -699. List the prime factors of c.
3, 5, 31
Let p = 10 + 265. What are the prime factors of p?
5, 11
Let i be (-10 + -7)*(1 + 0). Let z(d) = -d**2 - 21*d - 5. What are the prime factors of z(i)?
3, 7
Let t(k) = 3*k**3 - k**2 + 15*k - 21. List the prime factors of t(7).
2, 7, 19
Let t be (4/5)/(36/(-90)). What are the prime factors of 50 + (-3 - t - 3)?
2, 23
Suppose -g - 5*a = -941, -g - 2*a + 684 = -245. List the prime factors of g.
3, 307
Suppose 8*c - 18 - 14 = 0. Suppose 4*q - 380 = c*l - l, l = 2*q - 192. List the prime factors of q.
2, 7
Let z be (-1)/7 - (-240)/14. Let u = z + -24. Let p(j) = -j**2 - 6*j + 16. What are the prime factors of p(u)?
3
Let z be ((-3)/6)/((-9)/2664). Let i = -121 + z. List the prime factors of i.
3
Let l = 1019 - 558. Let k = 649 - l. List the prime factors of k.
2, 47
List the prime factors of 1930 + (18/(2 - 4) - -5).
2, 3, 107
Suppose -2*i - 3*r - 1590 = -6*i, 4*r = i - 391. List the prime factors of i.
3, 7, 19
Suppose 0 = -5*s + m - 6*m - 40, -1 = m. Let t be (-19 + -1)/(6 + s). List the prime factors of 1/((-4)/t*-1).
5
Suppose 9*g = 11*g + 32. Let t = g + 21. Let p(c) = 3*c**2 - 9*c + 11. List the prime factors of p(t).
41
Let h be 4 - (17 - (-2 - 1)). Let m = h - -31. List the prime factors of ((-4)/(-3) - -2)*m.
2, 5
Suppose -7*t = -4*t + 22